f 201226245.
3, 5, 11, 19, 64187
What are the prime factors of 1584122563?
1571, 1008353
List the prime factors of 58675256.
2, 7334407
List the prime factors of 1308571044.
2, 3, 11, 149, 66533
What are the prime factors of 48140446?
2, 24070223
What are the prime factors of 1962097654?
2, 11, 43, 227, 9137
List the prime factors of 239846169.
3, 79948723
What are the prime factors of 13462562?
2, 6731281
What are the prime factors of 145064222?
2, 61, 739, 1609
List the prime factors of 4368707359.
1013, 4312643
List the prime factors of 1202990515.
5, 13841, 17383
List the prime factors of 3291494734.
2, 11, 131, 827, 1381
List the prime factors of 1055894988.
2, 3, 29, 691, 4391
What are the prime factors of 622987732?
2, 19, 307, 26701
What are the prime factors of 1732666700?
2, 5, 17326667
List the prime factors of 901090185.
3, 5, 17, 59, 101, 593
List the prime factors of 3052000136.
2, 29, 13155173
List the prime factors of 100771667.
100771667
What are the prime factors of 6005715?
3, 5, 400381
List the prime factors of 2243949369.
3, 701, 1067023
What are the prime factors of 202995153?
3, 101, 919
What are the prime factors of 405459141?
3, 135153047
What are the prime factors of 358258727?
14699, 24373
List the prime factors of 29781129.
3, 7, 41, 34589
What are the prime factors of 72753721?
29, 41, 43, 1423
What are the prime factors of 227801156?
2, 11, 17, 37, 8231
What are the prime factors of 2628672116?
2, 7, 19, 23, 214831
What are the prime factors of 1518064780?
2, 5, 75903239
List the prime factors of 140794609.
421, 334429
List the prime factors of 74095442.
2, 37047721
What are the prime factors of 508556014?
2, 19, 13383053
List the prime factors of 119820313.
119820313
What are the prime factors of 1801836824?
2, 225229603
List the prime factors of 149408172.
2, 3, 17, 19, 4283
List the prime factors of 223334936.
2, 11, 2537897
List the prime factors of 209563583.
89, 149, 15803
What are the prime factors of 86291822?
2, 43145911
What are the prime factors of 116743570?
2, 5, 11674357
List the prime factors of 155354951.
155354951
What are the prime factors of 13544448?
2, 3, 4409
List the prime factors of 11116984.
2, 1389623
What are the prime factors of 150073778?
2, 75036889
What are the prime factors of 561912007?
37, 15186811
What are the prime factors of 152627241?
3, 13, 17, 23, 10009
List the prime factors of 51425226.
2, 3, 59, 16141
List the prime factors of 4630201981.
457, 10131733
List the prime factors of 46359942.
2, 3, 31, 281, 887
List the prime factors of 4925324733.
3, 7, 31, 7565783
What are the prime factors of 730884651?
3, 7, 29, 1200139
List the prime factors of 904635468.
2, 3, 11, 881, 2593
List the prime factors of 510135234.
2, 3, 7, 167, 257, 283
List the prime factors of 495270468.
2, 3, 7, 11, 29, 61, 101
List the prime factors of 1397760758.
2, 9739, 71761
List the prime factors of 70047459.
3, 61, 127591
What are the prime factors of 31793535?
3, 5, 706523
List the prime factors of 2579835103.
2579835103
List the prime factors of 2579527131.
3, 619, 1389083
List the prime factors of 5444829170.
2, 5, 11, 29, 1706843
What are the prime factors of 20765935?
5, 59, 70393
What are the prime factors of 170272640?
2, 5, 266051
List the prime factors of 548332122.
2, 3, 13, 7029899
What are the prime factors of 115790450?
2, 5, 59, 39251
What are the prime factors of 290678719?
290678719
List the prime factors of 217387629.
3, 24154181
What are the prime factors of 213968442?
2, 3, 4127, 8641
List the prime factors of 10839756.
2, 3, 463, 1951
What are the prime factors of 434740332?
2, 3, 13, 463
List the prime factors of 17104216.
2, 41, 52147
What are the prime factors of 777602837?
11, 23, 3073529
List the prime factors of 312407196.
2, 3, 19, 1063, 1289
What are the prime factors of 365647036?
2, 383, 238673
List the prime factors of 604488108.
2, 3, 7, 17, 53, 163
What are the prime factors of 253001102?
2, 163, 776077
What are the prime factors of 264437547?
3, 11, 8013259
List the prime factors of 911757318.
2, 3, 151959553
List the prime factors of 268133198.
2, 31, 4324729
List the prime factors of 49961698.
2, 41, 609289
List the prime factors of 97068084.
2, 3, 8089007
What are the prime factors of 2195999494?
2, 13, 1613, 52363
What are the prime factors of 172527737?
211, 263, 3109
What are the prime factors of 91448208?
2, 3, 635057
List the prime factors of 20239560.
2, 3, 5, 11, 19, 269
What are the prime factors of 558127013?
558127013
What are the prime factors of 140472422?
2, 163, 430897
What are the prime factors of 75096620?
2, 5, 569, 6599
What are the prime factors of 117093373?
117093373
What are the prime factors of 2117988?
2, 3, 2179
What are the prime factors of 8542864924?
2, 11, 3931, 49391
What are the prime factors of 273930997?
11593, 23629
List the prime factors of 70545730.
2, 5, 103, 68491
List the prime factors of 631585093.
631585093
List the prime factors of 2067940870.
2, 5, 31, 61, 109357
List the prime factors of 324133860.
2, 3, 5, 571, 9461
List the prime factors of 673752920.
2, 5, 19, 886517
List the prime factors of 786148719.
3, 41, 6391453
List the prime factors of 32102277.
3, 10700759
What are the prime factors of 3651541?
53, 68897
List the prime factors of 28402870.
2, 5, 79, 157, 229
List the prime factors of 43368698.
2, 67, 323647
What are the prime factors of 468213465?
3, 5, 31214231
List the prime factors of 66102178.
2, 19, 109, 15959
List the prime factors of 44979720.
2, 3, 5, 23, 43, 379
List the prime factors of 1227647020.
2, 5, 61382351
What are the prime factors of 1497836536?
2, 7, 89, 397, 757
What are the prime factors of 46683454?
2, 617, 37831
List the prime factors of 1784907846.
2, 3, 33053849
What are the prime factors of 57862293?
3, 19287431
List the prime factors of 56584439.
23, 2460193
List the prime factors of 1238956098.
2, 3, 6529, 31627
What are the prime factors of 864017253?
3, 11, 2909149
List the prime factors of 178484079.
3, 59494693
List the prime factors of 745400296.
2, 93175037
What are the prime factors of 85605588?
2, 3, 1489, 1597
What are the prime factors of 5663441?
7, 809063
What are the prime factors of 58900229?
7487, 7867
What are the prime factors of 828107328?
2, 3, 73, 59083
List the prime factors of 5096820.
2, 3, 5, 84947
What are the prime factors of 304870490?
2, 5, 1093, 27893
List the prime factors of 413029547.
7, 73, 233, 3469
What are the prime factors of 32570788?
2, 19, 428563
What are the prime factors of 50148577?
47, 263, 4057
What are the prime factors of 1303633982?
2, 7, 71, 1311503
What are the prime factors of 4553445519?
3, 7, 101, 715613
List the prime factors of 17132588.
2, 11, 41, 9497
What are the prime factors of 1025697986?
2, 512848993
What are the prime factors of 13546376?
2, 43, 53, 743
List the prime factors of 40929215.
5, 37, 221239
List the prime factors of 223201046.
2, 43, 1201, 2161
List the prime factors of 2899820242.
2, 11, 19, 6937369
What are the prime factors of 149258297?
1061, 140677
What are the prime factors of 1788323290?
2, 5, 13, 613, 22441
What are the prime factors of 6951244518?
2, 3, 386180251
List the prime factors of 1133999440.
2, 5, 7, 43, 47093
What are the prime factors of 920112174?
2, 3, 29, 509, 3463
What are the prime factors of 83987320?
2, 5, 71, 29573
List the prime factors of 1405558.
2, 7, 11, 9127
What are the prime factors of 300859568?
2, 3061, 6143
What are the prime factors of 1266535013?
1266535013
List the prime factors of 136674874.
2, 7, 9762491
List the prime factors of 140610730.
2, 5, 13, 23, 31, 37, 41
What are the prime factors of 85067063?
29, 2933347
List the prime factors of 3358778008.
2, 37, 1889, 6007
List the prime factors of 70571261.
70571261
List the prime factors of 16065942.
2, 3, 29, 92333
List the prime factors of 88192293.
3, 7, 4199633
List the prime factors of 68791290.
2, 3, 5, 449, 5107
What are the prime factors of 920111697?
3, 34078211
What are the prime factors of 58823907?
3, 19607969
List the prime factors of 49313352.
2, 3, 11, 186793
List the prime factors of 1043242279.
2207, 472697
What are the prime factors of 12872025?
3, 5, 19, 3011
What are the prime factors of